{"id":31966,"date":"2018-10-14T10:04:24","date_gmt":"2018-10-14T08:04:24","guid":{"rendered":"https:\/\/capacitador.info\/comunicacion-general\/"},"modified":"2020-04-27T18:23:27","modified_gmt":"2020-04-27T16:23:27","slug":"comunicacion-general","status":"publish","type":"page","link":"https:\/\/capacitador.info\/es\/comunicacion-general\/","title":{"rendered":"Comunicaci\u00f3n general"},"content":{"rendered":"<p>[et_pb_section fb_built=\u00bb1&#8243; admin_label=\u00bbCenter Aligned Text \u00bb _builder_version=\u00bb3.22.3&#8243; background_color=\u00bb#f8fbfe\u00bb use_background_color_gradient=\u00bbon\u00bb background_color_gradient_start=\u00bb#262423&#8243; background_color_gradient_end=\u00bb#59a389&#8243; background_color_gradient_direction=\u00bb135deg\u00bb background_image=\u00bbhttps:\/\/capacitador.info\/wp-content\/uploads\/2018\/08\/comunicacio-general.jpg\u00bb background_position=\u00bbcenter_left\u00bb background_blend=\u00bboverlay\u00bb custom_padding=\u00bb5%|0px|5%|0px|false|false\u00bb animation_style=\u00bbzoom\u00bb animation_direction=\u00bbbottom\u00bb animation_intensity_zoom=\u00bb8%\u00bb animation_starting_opacity=\u00bb100%\u00bb][et_pb_row _builder_version=\u00bb3.25&#8243;][et_pb_column type=\u00bb4_4&#8243; _builder_version=\u00bb3.25&#8243; custom_padding=\u00bb|||\u00bb custom_padding__hover=\u00bb|||\u00bb][et_pb_text _builder_version=\u00bb3.27.4&#8243; text_font=\u00bbNunito Sans||||||||\u00bb text_text_color=\u00bb#ffffff\u00bb text_font_size=\u00bb18px\u00bb text_line_height=\u00bb1.8em\u00bb header_font=\u00bbNunito Sans|700|||||||\u00bb header_font_size=\u00bb45px\u00bb header_line_height=\u00bb1.3em\u00bb header_2_font=\u00bb||||||||\u00bb text_orientation=\u00bbcenter\u00bb background_layout=\u00bbdark\u00bb max_width=\u00bb700px\u00bb module_alignment=\u00bbcenter\u00bb header_font_size_tablet=\u00bb\u00bb header_font_size_phone=\u00bb35px\u00bb header_font_size_last_edited=\u00bbon|phone\u00bb]<\/p>\n<h1>Comunicaci\u00f3n general<\/h1>\n<p>M\u00e1s que el qu\u00e9, a menudo ayudo mi cliente a c\u00f3mo decir y porqu\u00e9 decirlo. Aquello importante no es lo que t\u00fa dices, si no el significado que le da la gente que escucha.<\/p>\n<p>[\/et_pb_text][et_pb_button button_url=\u00bbtel:\/\/695015569&#8243; button_text=\u00bbLl\u00e1mame &#8211; 695 015 569&#8243; button_alignment=\u00bbcenter\u00bb _builder_version=\u00bb4.1&#8243; custom_button=\u00bbon\u00bb button_text_color=\u00bb#ffffff\u00bb button_bg_color=\u00bb#e09900&#8243; button_border_color=\u00bb#e09900&#8243; button_font=\u00bb||||||||\u00bb hover_enabled=\u00bb0&#8243; button_text_size__hover_enabled=\u00bboff\u00bb button_one_text_size__hover_enabled=\u00bboff\u00bb button_two_text_size__hover_enabled=\u00bboff\u00bb button_text_color__hover_enabled=\u00bboff\u00bb button_one_text_color__hover_enabled=\u00bboff\u00bb button_two_text_color__hover_enabled=\u00bboff\u00bb button_border_width__hover_enabled=\u00bboff\u00bb button_one_border_width__hover_enabled=\u00bboff\u00bb button_two_border_width__hover_enabled=\u00bboff\u00bb button_border_color__hover_enabled=\u00bboff\u00bb button_one_border_color__hover_enabled=\u00bboff\u00bb button_two_border_color__hover_enabled=\u00bboff\u00bb button_border_radius__hover_enabled=\u00bboff\u00bb button_one_border_radius__hover_enabled=\u00bboff\u00bb button_two_border_radius__hover_enabled=\u00bboff\u00bb button_letter_spacing__hover_enabled=\u00bboff\u00bb button_one_letter_spacing__hover_enabled=\u00bboff\u00bb button_two_letter_spacing__hover_enabled=\u00bboff\u00bb button_bg_color__hover_enabled=\u00bboff\u00bb button_one_bg_color__hover_enabled=\u00bboff\u00bb button_two_bg_color__hover_enabled=\u00bboff\u00bb][\/et_pb_button][\/et_pb_column][\/et_pb_row][\/et_pb_section][et_pb_section fb_built=\u00bb1&#8243; admin_label=\u00bbFeatures CTA Section\u00bb _builder_version=\u00bb3.22.3&#8243; custom_padding=\u00bb0|0px|0|0px|false|false\u00bb saved_tabs=\u00bball\u00bb][et_pb_row column_structure=\u00bb1_2,1_2&#8243; admin_label=\u00bbLeft Sided Image\u00bb _builder_version=\u00bb3.25&#8243; custom_padding=\u00bb60px|0px|0|0px|false|false\u00bb][et_pb_column type=\u00bb1_2&#8243; _builder_version=\u00bb3.25&#8243; custom_padding=\u00bb|||\u00bb custom_padding__hover=\u00bb|||\u00bb][et_pb_image src=\u00bbhttps:\/\/capacitador.info\/wp-content\/uploads\/2018\/08\/comunicacion-general.jpg\u00bb align_tablet=\u00bbcenter\u00bb align_phone=\u00bb\u00bb align_last_edited=\u00bbon|desktop\u00bb _builder_version=\u00bb3.23&#8243; max_width=\u00bb90%\u00bb module_alignment=\u00bbright\u00bb animation_style=\u00bbzoom\u00bb animation_direction=\u00bbright\u00bb animation_intensity_zoom=\u00bb5%\u00bb][\/et_pb_image][\/et_pb_column][et_pb_column type=\u00bb1_2&#8243; _builder_version=\u00bb3.25&#8243; custom_padding=\u00bb|||\u00bb custom_padding__hover=\u00bb|||\u00bb][et_pb_text _builder_version=\u00bb3.27.4&#8243; text_font=\u00bbNunito Sans||||||||\u00bb text_text_color=\u00bb#959baf\u00bb text_font_size=\u00bb16px\u00bb text_line_height=\u00bb1.4em\u00bb header_font=\u00bb||||||||\u00bb header_text_align=\u00bbleft\u00bb header_2_font=\u00bbNunito Sans|700|||||||\u00bb header_2_text_color=\u00bb#535b7c\u00bb header_2_font_size=\u00bb35px\u00bb header_2_line_height=\u00bb1.3em\u00bb header_3_font=\u00bb||||||||\u00bb header_3_text_color=\u00bb#53567c\u00bb max_width=\u00bb700px\u00bb module_alignment=\u00bbcenter\u00bb]<\/p>\n<h3>Comunicaci\u00f3 general<\/h3>\n<p>Desde de la aparici\u00f3n del libro <a href=\"https:\/\/capacitador.info\/no-penses-en-un-elefant\/\" target=\"_blank\" rel=\"noopener noreferrer\">No pienses en un elefante<\/a> de George Lakoff, en el mundo pol\u00edtica progresista, verde, feminista, valencianismo, etc. cada vez hay m\u00e1s conciencia de la importancia del qu\u00e9 decir y sobre todo de c\u00f3mo decirlo.<\/p>\n<p>[\/et_pb_text][et_pb_text _builder_version=\u00bb3.27.4&#8243; text_font=\u00bbNunito Sans||||||||\u00bb text_text_color=\u00bb#959baf\u00bb text_font_size=\u00bb16px\u00bb text_line_height=\u00bb1.4em\u00bb header_font=\u00bb||||||||\u00bb header_text_align=\u00bbleft\u00bb header_2_font=\u00bbNunito Sans|700|||||||\u00bb header_2_text_color=\u00bb#535b7c\u00bb header_2_font_size=\u00bb35px\u00bb header_2_line_height=\u00bb1.3em\u00bb header_3_font=\u00bb||||||||\u00bb header_3_text_color=\u00bb#53567c\u00bb max_width=\u00bb700px\u00bb module_alignment=\u00bbcenter\u00bb]&nbsp;<\/p>\n<h3>Mi ayuda consiste en:<\/h3>\n<ul>\n<li style=\"font-weight: 400;\"><span style=\"font-weight: 400;\">Explorar expresiones que tengan <\/span><span style=\"font-weight: 400;\">m\u00e1s impacto en el auditorio. <\/span><\/li>\n<li style=\"font-weight: 400;\"><span style=\"font-weight: 400;\">Hacer \u00abseguidazgo\u00bb de la comunicaci\u00f3n. Es decir, desarrollar evidencias para saber hasta qu\u00e9 punto llega el discurso al auditorio.<\/span><\/li>\n<li style=\"font-weight: 400;\"><span style=\"font-weight: 400;\">Adaptarse a diferentes contextos; diferentes situaciones requieren diferentes vocabularios.<\/span><\/li>\n<li style=\"font-weight: 400;\"><span style=\"font-weight: 400;\">Integrar nuevas formas de procesos mentales para comunicar desde diferentes puntos de vista.<\/span><\/li>\n<\/ul>\n<p>[\/et_pb_text][\/et_pb_column][\/et_pb_row][et_pb_row admin_label=\u00bbLeft Sided Image\u00bb _builder_version=\u00bb3.25&#8243; custom_padding=\u00bb30px|0px|0|0px|false|false\u00bb][et_pb_column type=\u00bb4_4&#8243; _builder_version=\u00bb3.25&#8243; custom_padding=\u00bb|||\u00bb custom_padding__hover=\u00bb|||\u00bb][et_pb_cta title=\u00bb\u00bfQuieres que te oriente sobre tu caso?\u00bb button_url=\u00bbtel:\/\/963343190&#8243; url_new_window=\u00bbon\u00bb button_text=\u00bbInf\u00f3rmate ahora &#8211; 695 015 569&#8243; _builder_version=\u00bb4.1&#8243; header_font=\u00bb||||||||\u00bb background_color=\u00bb#05a280&#8243; use_background_color_gradient=\u00bbon\u00bb background_color_gradient_start=\u00bb#05a280&#8243; background_color_gradient_end=\u00bb#05a280&#8243; custom_button=\u00bbon\u00bb button_text_color=\u00bb#ffffff\u00bb button_bg_color=\u00bb#e09900&#8243; button_border_color=\u00bb#e09900&#8243; button_font=\u00bb||||||||\u00bb hover_enabled=\u00bb0&#8243; box_shadow_style=\u00bbpreset2&#8243; button_text_size__hover_enabled=\u00bboff\u00bb button_one_text_size__hover_enabled=\u00bboff\u00bb button_two_text_size__hover_enabled=\u00bboff\u00bb button_text_color__hover_enabled=\u00bboff\u00bb button_one_text_color__hover_enabled=\u00bboff\u00bb button_two_text_color__hover_enabled=\u00bboff\u00bb button_border_width__hover_enabled=\u00bboff\u00bb button_one_border_width__hover_enabled=\u00bboff\u00bb button_two_border_width__hover_enabled=\u00bboff\u00bb button_border_color__hover_enabled=\u00bboff\u00bb button_one_border_color__hover_enabled=\u00bboff\u00bb button_two_border_color__hover_enabled=\u00bboff\u00bb button_border_radius__hover_enabled=\u00bboff\u00bb button_one_border_radius__hover_enabled=\u00bboff\u00bb button_two_border_radius__hover_enabled=\u00bboff\u00bb button_letter_spacing__hover_enabled=\u00bboff\u00bb button_one_letter_spacing__hover_enabled=\u00bboff\u00bb button_two_letter_spacing__hover_enabled=\u00bboff\u00bb button_bg_color__hover_enabled=\u00bboff\u00bb button_one_bg_color__hover_enabled=\u00bboff\u00bb button_two_bg_color__hover_enabled=\u00bboff\u00bb]<\/p>\n<h4><strong>Telefon\u00e9ame al <a href=\"tel:\/\/695015569\" target=\"_blank\" rel=\"noopener noreferrer\">695 015 569<\/a><\/strong><\/h4>\n<h4><strong>y te orientar\u00e9 en tu potencial.<\/strong><\/h4>\n<p>[\/et_pb_cta][et_pb_divider show_divider=\u00bboff\u00bb _builder_version=\u00bb3.9&#8243;][\/et_pb_divider][\/et_pb_column][\/et_pb_row][\/et_pb_section][et_pb_section fb_built=\u00bb1&#8243; admin_label=\u00bbTestimonial\u00bb _builder_version=\u00bb3.22.3&#8243; custom_padding=\u00bb0|0px|50px|0px|false|false\u00bb][\/et_pb_section][et_pb_section fb_built=\u00bb1&#8243; admin_label=\u00bbGet Started CTA\u00bb _builder_version=\u00bb3.22.3&#8243; background_color=\u00bb#F7F7F7&#8243; custom_padding=\u00bb0px|0px|100px|0px\u00bb box_shadow_style=\u00bbpreset3&#8243; box_shadow_vertical=\u00bb160px\u00bb box_shadow_blur=\u00bb0px\u00bb box_shadow_spread=\u00bb-80px\u00bb box_shadow_color=\u00bb#ffffff\u00bb box_shadow_position=\u00bbinner\u00bb saved_tabs=\u00bball\u00bb][\/et_pb_section]<\/p>\n","protected":false},"excerpt":{"rendered":"<p>Comunicaci\u00f3n general M\u00e1s que el qu\u00e9, a menudo ayudo mi cliente a c\u00f3mo decir y porqu\u00e9 decirlo. Aquello importante no es lo que t\u00fa dices, si no el significado que le da la gente que escucha.Comunicaci\u00f3 general Desde de la aparici\u00f3n del libro No pienses en un elefante de George Lakoff, en el mundo pol\u00edtica [&hellip;]<\/p>\n","protected":false},"author":1,"featured_media":0,"parent":0,"menu_order":0,"comment_status":"closed","ping_status":"closed","template":"","meta":{"_et_pb_use_builder":"on","_et_pb_old_content":"","_et_gb_content_width":"","_joinchat":[],"footnotes":""},"class_list":["post-31966","page","type-page","status-publish","hentry"],"aioseo_notices":[],"_links":{"self":[{"href":"https:\/\/capacitador.info\/es\/wp-json\/wp\/v2\/pages\/31966","targetHints":{"allow":["GET"]}}],"collection":[{"href":"https:\/\/capacitador.info\/es\/wp-json\/wp\/v2\/pages"}],"about":[{"href":"https:\/\/capacitador.info\/es\/wp-json\/wp\/v2\/types\/page"}],"author":[{"embeddable":true,"href":"https:\/\/capacitador.info\/es\/wp-json\/wp\/v2\/users\/1"}],"replies":[{"embeddable":true,"href":"https:\/\/capacitador.info\/es\/wp-json\/wp\/v2\/comments?post=31966"}],"version-history":[{"count":0,"href":"https:\/\/capacitador.info\/es\/wp-json\/wp\/v2\/pages\/31966\/revisions"}],"wp:attachment":[{"href":"https:\/\/capacitador.info\/es\/wp-json\/wp\/v2\/media?parent=31966"}],"curies":[{"name":"wp","href":"https:\/\/api.w.org\/{rel}","templated":true}]}}

Comunicación general

<p>[et_pb_section fb_built=»1&#8243; admin_label=»Center Aligned Text » _builder_version=»3.22.3&#8243; background_color=»#f8fbfe» use_background_color_gradient=»on» background_color_gradient_start=»#262423&#8243; background_color_gradient_end=»#59a389&#8243; background_color_gradient_direction=»135deg» background_image=»https://capacitador.info/wp-content/uploads/2018/08/comunicacio-general.jpg» background_position=»center_left» background_blend=»overlay» custom_padding=»5%|0px|5%|0px|false|false» animation_style=»zoom» animation_direction=»bottom» animation_intensity_zoom=»8%» animation_starting_opacity=»100%»][et_pb_row _builder_version=»3.25&#8243;][et_pb_column type=»4_4&#8243; _builder_version=»3.25&#8243; custom_padding=»|||» custom_padding__hover=»|||»][et_pb_text _builder_version=»3.27.4&#8243; text_font=»Nunito Sans||||||||» text_text_color=»#ffffff» text_font_size=»18px» text_line_height=»1.8em» header_font=»Nunito Sans|700|||||||» header_font_size=»45px» header_line_height=»1.3em» header_2_font=»||||||||» text_orientation=»center» background_layout=»dark» max_width=»700px» module_alignment=»center» header_font_size_tablet=»» header_font_size_phone=»35px» header_font_size_last_edited=»on|phone»]</p>
<h1>Comunicación general</h1>
<p>Más que el qué, a menudo ayudo mi cliente a cómo decir y porqué decirlo. Aquello importante no es lo que tú dices, si no el significado que le da la gente que escucha.</p>
<p>[/et_pb_text][et_pb_button button_url=»tel://695015569&#8243; button_text=»Llámame &#8211; 695 015 569&#8243; button_alignment=»center» _builder_version=»4.1&#8243; custom_button=»on» button_text_color=»#ffffff» button_bg_color=»#e09900&#8243; button_border_color=»#e09900&#8243; button_font=»||||||||» hover_enabled=»0&#8243; button_text_size__hover_enabled=»off» button_one_text_size__hover_enabled=»off» button_two_text_size__hover_enabled=»off» button_text_color__hover_enabled=»off» button_one_text_color__hover_enabled=»off» button_two_text_color__hover_enabled=»off» button_border_width__hover_enabled=»off» button_one_border_width__hover_enabled=»off» button_two_border_width__hover_enabled=»off» button_border_color__hover_enabled=»off» button_one_border_color__hover_enabled=»off» button_two_border_color__hover_enabled=»off» button_border_radius__hover_enabled=»off» button_one_border_radius__hover_enabled=»off» button_two_border_radius__hover_enabled=»off» button_letter_spacing__hover_enabled=»off» button_one_letter_spacing__hover_enabled=»off» button_two_letter_spacing__hover_enabled=»off» button_bg_color__hover_enabled=»off» button_one_bg_color__hover_enabled=»off» button_two_bg_color__hover_enabled=»off»][/et_pb_button][/et_pb_column][/et_pb_row][/et_pb_section][et_pb_section fb_built=»1&#8243; admin_label=»Features CTA Section» _builder_version=»3.22.3&#8243; custom_padding=»0|0px|0|0px|false|false» saved_tabs=»all»][et_pb_row column_structure=»1_2,1_2&#8243; admin_label=»Left Sided Image» _builder_version=»3.25&#8243; custom_padding=»60px|0px|0|0px|false|false»][et_pb_column type=»1_2&#8243; _builder_version=»3.25&#8243; custom_padding=»|||» custom_padding__hover=»|||»][et_pb_image src=»https://capacitador.info/wp-content/uploads/2018/08/comunicacion-general.jpg» align_tablet=»center» align_phone=»» align_last_edited=»on|desktop» _builder_version=»3.23&#8243; max_width=»90%» module_alignment=»right» animation_style=»zoom» animation_direction=»right» animation_intensity_zoom=»5%»][/et_pb_image][/et_pb_column][et_pb_column type=»1_2&#8243; _builder_version=»3.25&#8243; custom_padding=»|||» custom_padding__hover=»|||»][et_pb_text _builder_version=»3.27.4&#8243; text_font=»Nunito Sans||||||||» text_text_color=»#959baf» text_font_size=»16px» text_line_height=»1.4em» header_font=»||||||||» header_text_align=»left» header_2_font=»Nunito Sans|700|||||||» header_2_text_color=»#535b7c» header_2_font_size=»35px» header_2_line_height=»1.3em» header_3_font=»||||||||» header_3_text_color=»#53567c» max_width=»700px» module_alignment=»center»]</p>
<h3>Comunicació general</h3>
<p>Desde de la aparición del libro <a href="https://capacitador.info/no-penses-en-un-elefant/" target="_blank" rel="noopener noreferrer">No pienses en un elefante</a> de George Lakoff, en el mundo política progresista, verde, feminista, valencianismo, etc. cada vez hay más conciencia de la importancia del qué decir y sobre todo de cómo decirlo.</p>
<p>[/et_pb_text][et_pb_text _builder_version=»3.27.4&#8243; text_font=»Nunito Sans||||||||» text_text_color=»#959baf» text_font_size=»16px» text_line_height=»1.4em» header_font=»||||||||» header_text_align=»left» header_2_font=»Nunito Sans|700|||||||» header_2_text_color=»#535b7c» header_2_font_size=»35px» header_2_line_height=»1.3em» header_3_font=»||||||||» header_3_text_color=»#53567c» max_width=»700px» module_alignment=»center»]&nbsp;</p>
<h3>Mi ayuda consiste en:</h3>
<ul>
<li style="font-weight: 400;"><span style="font-weight: 400;">Explorar expresiones que tengan </span><span style="font-weight: 400;">más impacto en el auditorio. </span></li>
<li style="font-weight: 400;"><span style="font-weight: 400;">Hacer «seguidazgo» de la comunicación. Es decir, desarrollar evidencias para saber hasta qué punto llega el discurso al auditorio.</span></li>
<li style="font-weight: 400;"><span style="font-weight: 400;">Adaptarse a diferentes contextos; diferentes situaciones requieren diferentes vocabularios.</span></li>
<li style="font-weight: 400;"><span style="font-weight: 400;">Integrar nuevas formas de procesos mentales para comunicar desde diferentes puntos de vista.</span></li>
</ul>
<p>[/et_pb_text][/et_pb_column][/et_pb_row][et_pb_row admin_label=»Left Sided Image» _builder_version=»3.25&#8243; custom_padding=»30px|0px|0|0px|false|false»][et_pb_column type=»4_4&#8243; _builder_version=»3.25&#8243; custom_padding=»|||» custom_padding__hover=»|||»][et_pb_cta title=»¿Quieres que te oriente sobre tu caso?» button_url=»tel://963343190&#8243; url_new_window=»on» button_text=»Infórmate ahora &#8211; 695 015 569&#8243; _builder_version=»4.1&#8243; header_font=»||||||||» background_color=»#05a280&#8243; use_background_color_gradient=»on» background_color_gradient_start=»#05a280&#8243; background_color_gradient_end=»#05a280&#8243; custom_button=»on» button_text_color=»#ffffff» button_bg_color=»#e09900&#8243; button_border_color=»#e09900&#8243; button_font=»||||||||» hover_enabled=»0&#8243; box_shadow_style=»preset2&#8243; button_text_size__hover_enabled=»off» button_one_text_size__hover_enabled=»off» button_two_text_size__hover_enabled=»off» button_text_color__hover_enabled=»off» button_one_text_color__hover_enabled=»off» button_two_text_color__hover_enabled=»off» button_border_width__hover_enabled=»off» button_one_border_width__hover_enabled=»off» button_two_border_width__hover_enabled=»off» button_border_color__hover_enabled=»off» button_one_border_color__hover_enabled=»off» button_two_border_color__hover_enabled=»off» button_border_radius__hover_enabled=»off» button_one_border_radius__hover_enabled=»off» button_two_border_radius__hover_enabled=»off» button_letter_spacing__hover_enabled=»off» button_one_letter_spacing__hover_enabled=»off» button_two_letter_spacing__hover_enabled=»off» button_bg_color__hover_enabled=»off» button_one_bg_color__hover_enabled=»off» button_two_bg_color__hover_enabled=»off»]</p>
<h4><strong>Telefonéame al <a href="tel://695015569" target="_blank" rel="noopener noreferrer">695 015 569</a></strong></h4>
<h4><strong>y te orientaré en tu potencial.</strong></h4>
<p>[/et_pb_cta][et_pb_divider show_divider=»off» _builder_version=»3.9&#8243;][/et_pb_divider][/et_pb_column][/et_pb_row][/et_pb_section][et_pb_section fb_built=»1&#8243; admin_label=»Testimonial» _builder_version=»3.22.3&#8243; custom_padding=»0|0px|50px|0px|false|false»][/et_pb_section][et_pb_section fb_built=»1&#8243; admin_label=»Get Started CTA» _builder_version=»3.22.3&#8243; background_color=»#F7F7F7&#8243; custom_padding=»0px|0px|100px|0px» box_shadow_style=»preset3&#8243; box_shadow_vertical=»160px» box_shadow_blur=»0px» box_shadow_spread=»-80px» box_shadow_color=»#ffffff» box_shadow_position=»inner» saved_tabs=»all»][/et_pb_section]</p>

<p>Comunicación general Más que el qué, a menudo ayudo mi cliente a cómo decir y porqué decirlo. Aquello importante no es lo que tú dices, si no el significado que le da la gente que escucha.Comunicació general Desde de la aparición del libro No pienses en un elefante de George Lakoff, en el mundo política [&hellip;]</p>
